f 795656.
2, 271, 367
List the prime factors of 4521849.
3, 41, 97, 379
What are the prime factors of 180466?
2, 11, 13, 631
List the prime factors of 157042.
2, 233, 337
List the prime factors of 19974241.
7, 67, 42589
List the prime factors of 3483338.
2, 113, 15413
List the prime factors of 5936594.
2, 71, 97, 431
List the prime factors of 97370.
2, 5, 7, 13, 107
What are the prime factors of 482328?
2, 3, 7, 11, 29
List the prime factors of 23248.
2, 1453
What are the prime factors of 208065?
3, 5, 11, 13, 97
List the prime factors of 19355607.
3, 313, 6871
List the prime factors of 319248.
2, 3, 739
What are the prime factors of 3860400?
2, 3, 5, 3217
What are the prime factors of 1179122?
2, 7, 84223
List the prime factors of 560802.
2, 3, 11, 29, 293
List the prime factors of 593425.
5, 7, 3391
List the prime factors of 2213432.
2, 13, 21283
What are the prime factors of 2068222?
2, 13, 29, 211
What are the prime factors of 24469?
24469
What are the prime factors of 750875?
5, 6007
What are the prime factors of 357606?
2, 3, 19867
List the prime factors of 29054627.
7, 43, 96527
What are the prime factors of 114724?
2, 23, 29, 43
List the prime factors of 680777.
23, 29599
List the prime factors of 8757654.
2, 3, 1459609
List the prime factors of 201302.
2, 251, 401
What are the prime factors of 1885744?
2, 7, 113, 149
What are the prime factors of 203962?
2, 11, 73, 127
List the prime factors of 39796.
2, 9949
List the prime factors of 205168.
2, 12823
List the prime factors of 934934.
2, 7, 11, 13, 467
List the prime factors of 4659327.
3, 461, 1123
List the prime factors of 78217.
17, 43, 107
What are the prime factors of 1119079?
13, 86083
List the prime factors of 128903.
128903
List the prime factors of 1563435.
3, 5, 37, 313
What are the prime factors of 3392412?
2, 3, 19, 14879
List the prime factors of 2939914.
2, 1469957
What are the prime factors of 87471?
3, 9719
What are the prime factors of 901823?
13, 69371
List the prime factors of 168564.
2, 3, 11, 1277
List the prime factors of 9502866.
2, 3, 175979
List the prime factors of 14386509.
3, 1598501
What are the prime factors of 217819?
7, 29, 37
List the prime factors of 3312348.
2, 3, 13, 17, 1249
What are the prime factors of 247609?
247609
List the prime factors of 384697.
384697
What are the prime factors of 3203309?
3203309
List the prime factors of 12057826.
2, 11, 548083
List the prime factors of 11636625.
3, 5, 7, 11, 13, 31
What are the prime factors of 4334237?
593, 7309
What are the prime factors of 186462?
2, 3, 1151
What are the prime factors of 14827462?
2, 13, 383, 1489
List the prime factors of 612533.
211, 2903
List the prime factors of 58608.
2, 3, 11, 37
What are the prime factors of 20029751?
7, 31, 241, 383
List the prime factors of 288078.
2, 3, 7, 19
What are the prime factors of 677548?
2, 113, 1499
What are the prime factors of 1008923?
1008923
List the prime factors of 1753869.
3, 13, 44971
List the prime factors of 1953.
3, 7, 31
List the prime factors of 14745043.
1831, 8053
What are the prime factors of 1297965?
3, 5, 86531
What are the prime factors of 14838993?
3, 13, 53, 2393
What are the prime factors of 1332789?
3, 61, 7283
What are the prime factors of 1020032?
2, 13, 613
What are the prime factors of 185185?
5, 7, 11, 13, 37
What are the prime factors of 521096?
2, 53, 1229
List the prime factors of 780402.
2, 3, 7, 17, 1093
List the prime factors of 28744004.
2, 103, 69767
List the prime factors of 7450848.
2, 3, 41, 631
What are the prime factors of 4513813?
41, 89, 1237
What are the prime factors of 4420032?
2, 3, 23021
What are the prime factors of 3747015?
3, 5, 83267
What are the prime factors of 1294781?
233, 5557
List the prime factors of 469266.
2, 3, 7, 11173
List the prime factors of 861544.
2, 107693
List the prime factors of 87350.
2, 5, 1747
List the prime factors of 427375.
5, 13, 263
List the prime factors of 365991.
3, 121997
List the prime factors of 1076178.
2, 3, 83, 2161
What are the prime factors of 4488085?
5, 7, 17, 19, 397
What are the prime factors of 173695?
5, 34739
What are the prime factors of 9444125?
5, 75553
List the prime factors of 85377.
3, 149, 191
What are the prime factors of 317158?
2, 347, 457
List the prime factors of 4578711.
3, 293, 5209
List the prime factors of 3473069.
23, 29, 41, 127
What are the prime factors of 19030301?
211, 90191
List the prime factors of 385397.
385397
List the prime factors of 1057148.
2, 127, 2081
What are the prime factors of 27377363?
13, 29, 101, 719
List the prime factors of 4432660.
2, 5, 251, 883
List the prime factors of 7919794.
2, 197, 20101
List the prime factors of 161082.
2, 3, 19, 157
What are the prime factors of 798069?
3, 266023
What are the prime factors of 2398434?
2, 3, 399739
List the prime factors of 2888599.
7, 167, 353
List the prime factors of 22924.
2, 11, 521
List the prime factors of 398486.
2, 11, 59, 307
What are the prime factors of 1475351?
1475351
List the prime factors of 21004423.
11, 41, 46573
List the prime factors of 481421.
47, 10243
List the prime factors of 1037149.
47, 22067
What are the prime factors of 178063?
41, 43, 101
What are the prime factors of 5201100?
2, 3, 5, 5779
List the prime factors of 2342207.
7, 41, 8161
List the prime factors of 172509.
3, 57503
List the prime factors of 16618.
2, 7, 1187
List the prime factors of 843772.
2, 210943
List the prime factors of 369061.
7, 11, 4793
What are the prime factors of 1529295?
3, 5, 43, 2371
List the prime factors of 374131.
157, 2383
List the prime factors of 1699295.
5, 13, 2011
What are the prime factors of 266252?
2, 7, 37, 257
What are the prime factors of 236380?
2, 5, 53, 223
List the prime factors of 1198724.
2, 299681
What are the prime factors of 11758887?
3, 7, 186649
List the prime factors of 2961736.
2, 370217
List the prime factors of 5828106.
2, 3, 71, 13681
List the prime factors of 260362.
2, 29, 67
List the prime factors of 1592109.
3, 58967
What are the prime factors of 350740?
2, 5, 13, 19, 71
What are the prime factors of 17561050?
2, 5, 13, 27017
List the prime factors of 3843337.
227, 16931
List the prime factors of 106371.
3, 53, 223
List the prime factors of 219547.
219547
What are the prime factors of 344697?
3, 89, 1291
What are the prime factors of 7596563?
13, 47, 12433
List the prime factors of 140235.
3, 5, 9349
What are the prime factors of 79498?
2, 39749
List the prime factors of 168027.
3, 56009
List the prime factors of 296123.
17, 17419
What are the prime factors of 1166120?
2, 5, 29153
List the prime factors of 579995.
5, 13, 8923
List the prime factors of 4215239.
7, 73, 113
What are the prime factors of 779960?
2, 5, 17, 31, 37
What are the prime factors of 765865?
5, 47, 3259
What are the prime factors of 4333481?
4333481
What are the prime factors of 23293299?
3, 641, 12113
What are the prime factors of 1993395?
3, 5, 132893
List the prime factors of 2896945.
5, 263, 2203
What are the prime factors of 269013?
3, 89671
List the prime factors of 206030.
2, 5, 11, 1873
What are the prime factors of 11012054?
2, 29, 6547
What are the prime factors of 4008407?
13, 503, 613
List the prime factors of 454676.
2, 197, 577
What are the prime factors of 1116302?
2, 11, 50741
What are the prime factors of 2335874?
2, 1167937
List the prime factors of 15956770.
2, 5, 19, 83983
List the prime factors of 2709789.
3, 29, 31147
What are the prime factors of 6773317?
43, 157519
List the prime factors of 191025.
3, 5, 283
What are the prime factors of 319416?
2, 3, 13309
What are the prime factors of 2327206?
2, 7, 23747
List the prime factors of 459139.
53, 8663
List the prime factors of 2869341.
3, 223, 4289
List the prime factors of 658795.
5, 131759
What are the prime factors of 21873?
3, 23, 317
List the prime factors of 5566718.
2, 17, 9631
What are the prime factors of 4746638?
2, 13, 17, 10739
What are the prime factors of 4768336?
2, 298021
List the prime factors of 11889637.
47, 252971
List the prime factors of 3627671.
3627671
What are the prime factors of 696097?
137, 5081
What are the prime factors of 3122862?
2, 3, 263, 1979
List the prime factors of 3820054.
2, 7, 29, 97
What are the prime factors of 1337201?
19, 70379
List th